{"id":66,"date":"2025-09-02T17:01:25","date_gmt":"2025-09-02T17:01:25","guid":{"rendered":"https:\/\/gulv.v23.dk\/?page_id=66"},"modified":"2025-09-12T16:09:56","modified_gmt":"2025-09-12T16:09:56","slug":"forside","status":"publish","type":"page","link":"https:\/\/gulv.v23.dk\/","title":{"rendered":"Forside"},"content":{"rendered":"<nav class=\"is-responsive wp-block-navigation is-layout-flex wp-block-navigation-is-layout-flex\" aria-label=\"Navigation\" \n\t\t data-wp-interactive=\"core\/navigation\" data-wp-context='{\"overlayOpenedBy\":{\"click\":false,\"hover\":false,\"focus\":false},\"type\":\"overlay\",\"roleAttribute\":\"\",\"ariaLabel\":\"Menu\"}'><button aria-haspopup=\"dialog\" aria-label=\"Open menu\" class=\"wp-block-navigation__responsive-container-open\" \n\t\t\t\tdata-wp-on--click=\"actions.openMenuOnClick\"\n\t\t\t\tdata-wp-on--keydown=\"actions.handleMenuKeydown\"\n\t\t\t><svg width=\"24\" height=\"24\" xmlns=\"http:\/\/www.w3.org\/2000\/svg\" viewBox=\"0 0 24 24\" aria-hidden=\"true\" focusable=\"false\"><path d=\"M4 7.5h16v1.5H4z\"><\/path><path d=\"M4 15h16v1.5H4z\"><\/path><\/svg><\/button>\n\t\t\t\t<div class=\"wp-block-navigation__responsive-container\"  id=\"modal-1\" \n\t\t\t\tdata-wp-class--has-modal-open=\"state.isMenuOpen\"\n\t\t\t\tdata-wp-class--is-menu-open=\"state.isMenuOpen\"\n\t\t\t\tdata-wp-watch=\"callbacks.initMenu\"\n\t\t\t\tdata-wp-on--keydown=\"actions.handleMenuKeydown\"\n\t\t\t\tdata-wp-on--focusout=\"actions.handleMenuFocusout\"\n\t\t\t\ttabindex=\"-1\"\n\t\t\t>\n\t\t\t\t\t<div class=\"wp-block-navigation__responsive-close\" tabindex=\"-1\">\n\t\t\t\t\t\t<div class=\"wp-block-navigation__responsive-dialog\" \n\t\t\t\tdata-wp-bind--aria-modal=\"state.ariaModal\"\n\t\t\t\tdata-wp-bind--aria-label=\"state.ariaLabel\"\n\t\t\t\tdata-wp-bind--role=\"state.roleAttribute\"\n\t\t\t>\n\t\t\t\t\t\t\t<button aria-label=\"Close menu\" class=\"wp-block-navigation__responsive-container-close\" \n\t\t\t\tdata-wp-on--click=\"actions.closeMenuOnClick\"\n\t\t\t><svg xmlns=\"http:\/\/www.w3.org\/2000\/svg\" viewBox=\"0 0 24 24\" width=\"24\" height=\"24\" aria-hidden=\"true\" focusable=\"false\"><path d=\"m13.06 12 6.47-6.47-1.06-1.06L12 10.94 5.53 4.47 4.47 5.53 10.94 12l-6.47 6.47 1.06 1.06L12 13.06l6.47 6.47 1.06-1.06L13.06 12Z\"><\/path><\/svg><\/button>\n\t\t\t\t\t\t\t<div class=\"wp-block-navigation__responsive-container-content\" \n\t\t\t\tdata-wp-watch=\"callbacks.focusFirstElement\"\n\t\t\t id=\"modal-1-content\">\n\t\t\t\t\t\t\t\t<ul class=\"wp-block-navigation__container is-responsive wp-block-navigation\"><li class=\" wp-block-navigation-item wp-block-navigation-link\"><a class=\"wp-block-navigation-item__content\"  href=\"https:\/\/gulv.v23.dk\/\"><span class=\"wp-block-navigation-item__label\">Forside<\/span><\/a><\/li><\/ul>\n\t\t\t\t\t\t\t<\/div>\n\t\t\t\t\t\t<\/div>\n\t\t\t\t\t<\/div>\n\t\t\t\t<\/div><\/nav>\n\n\n<main class=\"wp-block-group is-layout-flow wp-container-core-group-is-layout-bb62f62d wp-block-group-is-layout-flow\" style=\"margin-top:0\">\n<div class=\"wp-block-group alignfull has-global-padding is-layout-constrained wp-container-core-group-is-layout-f611be13 wp-block-group-is-layout-constrained\" style=\"padding-top:var(--wp--preset--spacing--50);padding-right:var(--wp--preset--spacing--50);padding-bottom:var(--wp--preset--spacing--50);padding-left:var(--wp--preset--spacing--50)\">\n<div class=\"wp-block-group has-global-padding is-layout-constrained wp-container-core-group-is-layout-04ac488e wp-block-group-is-layout-constrained\">\n<h1 class=\"wp-block-heading has-text-align-center is-style-asterisk has-x-large-font-size\">Velkommen<\/h1>\n\n\n\n<div style=\"height:1.25rem\" aria-hidden=\"true\" class=\"wp-block-spacer\"><\/div>\n\n\n\n<p class=\"has-text-align-center\" style=\"margin-right:0;margin-left:0\">Sk\u00e6ve Gulve er S\u00f8borgs egen gulvl\u00e6gger- og snedkervirksomhed.<\/p>\n\n\n\n<p class=\"has-text-align-center\" style=\"margin-right:0;margin-left:0\">Vi udf\u00f8rer de fleste gulv- og tr\u00e6v\u00e6rksopgaver udenfor normal arbejdstid. Derfor er vi altid glade for at kunne hj\u00e6lpe dig som har kunder, g\u00e6ster eller ansatte i dagtimerne.<\/p>\n\n\n\n<div style=\"height:1.25rem\" aria-hidden=\"true\" class=\"wp-block-spacer\"><\/div>\n\n\n\n<p class=\"has-text-align-center\" style=\"margin-right:0;margin-left:0\">Ring p\u00e5 25376260 og lad os tale om hvordan vi kan l\u00f8se din opgave.<\/p>\n\n\n\n<div style=\"height:1.25rem\" aria-hidden=\"true\" class=\"wp-block-spacer\"><\/div>\n<\/div>\n\n\n\n<figure class=\"wp-block-image alignwide size-full is-style-rounded is-style-rounded--2\"><img loading=\"lazy\" decoding=\"async\" width=\"1920\" height=\"2560\" src=\"https:\/\/gulv.v23.dk\/wp-content\/uploads\/2025\/05\/Laekkert-billede-1-scaled.jpg\" alt=\"\" class=\"wp-image-76\" srcset=\"https:\/\/gulv.v23.dk\/wp-content\/uploads\/2025\/05\/Laekkert-billede-1-scaled.jpg 1920w, https:\/\/gulv.v23.dk\/wp-content\/uploads\/2025\/05\/Laekkert-billede-1-225x300.jpg 225w, https:\/\/gulv.v23.dk\/wp-content\/uploads\/2025\/05\/Laekkert-billede-1-768x1024.jpg 768w, https:\/\/gulv.v23.dk\/wp-content\/uploads\/2025\/05\/Laekkert-billede-1-1152x1536.jpg 1152w, https:\/\/gulv.v23.dk\/wp-content\/uploads\/2025\/05\/Laekkert-billede-1-1536x2048.jpg 1536w\" sizes=\"auto, (max-width: 1920px) 100vw, 1920px\" \/><\/figure>\n<\/div>\n\n\n\n<div class=\"wp-block-group has-global-padding is-layout-constrained wp-block-group-is-layout-constrained\"><\/div>\n\n\n\n<div class=\"wp-block-group alignfull has-global-padding is-layout-constrained wp-container-core-group-is-layout-d89aad35 wp-block-group-is-layout-constrained\" style=\"margin-top:0;margin-bottom:0;padding-top:var(--wp--preset--spacing--50);padding-right:var(--wp--preset--spacing--50);padding-bottom:var(--wp--preset--spacing--50);padding-left:var(--wp--preset--spacing--50)\">\n<div class=\"wp-block-group alignwide has-global-padding is-layout-constrained wp-container-core-group-is-layout-19e250f3 wp-block-group-is-layout-constrained\">\n<div class=\"wp-block-group is-vertical is-content-justification-center is-layout-flex wp-container-core-group-is-layout-6329a8f3 wp-block-group-is-layout-flex\">\n<div style=\"height:0px\" aria-hidden=\"true\" class=\"wp-block-spacer wp-container-content-6388d5dc\"><\/div>\n\n\n\n<h2 class=\"wp-block-heading has-text-align-center is-style-asterisk\">Slidlag af kompetencer<\/h2>\n\n\n\n<p class=\"has-text-align-center\">Med snart 10 \u00e5rs erfaring fra gulvbranchen er ingen opgave for stor eller for lille.<\/p>\n<\/div>\n\n\n\n<div style=\"height:var(--wp--preset--spacing--40)\" aria-hidden=\"true\" class=\"wp-block-spacer\"><\/div>\n\n\n\n<div class=\"wp-block-columns alignwide is-layout-flex wp-container-core-columns-is-layout-d1c656ed wp-block-columns-is-layout-flex\">\n<div class=\"wp-block-column is-vertically-aligned-center is-layout-flow wp-block-column-is-layout-flow\" style=\"flex-basis:50%\">\n<h3 class=\"wp-block-heading is-style-asterisk\">Gulve<\/h3>\n\n\n\n<p>Vi l\u00e6gger, reparerer, sliber og behandler gulve.<\/p>\n\n\n\n<p>Med en CO<sup>2<\/sup>-besparelse p\u00e5 79 % er restauration altid vores udgangspunkt fremfor at fremstille og installerer et nyt massivt tr\u00e6gulv.<\/p>\n\n\n\n<ul style=\"line-height:1.75\" class=\"wp-block-list is-style-checkmark-list\">\n<li>Opbygning af undergulve og gulvvarme.<\/li>\n\n\n\n<li>Massivtr\u00e6, parket, linoleum og design-gulve.<\/li>\n\n\n\n<li>Dybderens, polering, indfarvning.<\/li>\n<\/ul>\n<\/div>\n\n\n\n<div class=\"wp-block-column is-layout-flow wp-block-column-is-layout-flow\" style=\"flex-basis:50%\">\n<figure class=\"wp-block-gallery has-nested-images columns-default is-cropped wp-block-gallery-4 is-layout-flex wp-block-gallery-is-layout-flex\">\n<figure class=\"wp-block-image size-large\"><img loading=\"lazy\" decoding=\"async\" width=\"960\" height=\"960\" data-id=\"109\" src=\"https:\/\/gulv.v23.dk\/wp-content\/uploads\/2025\/09\/1850-1890-Skillevaeg-t.-opgang-tvaergaende-plankegulv.jpg\" alt=\"\" class=\"wp-image-109\" srcset=\"https:\/\/gulv.v23.dk\/wp-content\/uploads\/2025\/09\/1850-1890-Skillevaeg-t.-opgang-tvaergaende-plankegulv.jpg 960w, https:\/\/gulv.v23.dk\/wp-content\/uploads\/2025\/09\/1850-1890-Skillevaeg-t.-opgang-tvaergaende-plankegulv-300x300.jpg 300w, https:\/\/gulv.v23.dk\/wp-content\/uploads\/2025\/09\/1850-1890-Skillevaeg-t.-opgang-tvaergaende-plankegulv-150x150.jpg 150w, https:\/\/gulv.v23.dk\/wp-content\/uploads\/2025\/09\/1850-1890-Skillevaeg-t.-opgang-tvaergaende-plankegulv-768x768.jpg 768w\" sizes=\"auto, (max-width: 960px) 100vw, 960px\" \/><\/figure>\n<\/figure>\n\n\n\n<figure class=\"wp-block-gallery has-nested-images columns-default is-cropped wp-block-gallery-5 is-layout-flex wp-block-gallery-is-layout-flex\">\n<figure class=\"wp-block-image size-large\"><img loading=\"lazy\" decoding=\"async\" width=\"960\" height=\"960\" data-id=\"113\" src=\"https:\/\/gulv.v23.dk\/wp-content\/uploads\/2025\/09\/11-1.jpg\" alt=\"\" class=\"wp-image-113\" srcset=\"https:\/\/gulv.v23.dk\/wp-content\/uploads\/2025\/09\/11-1.jpg 960w, https:\/\/gulv.v23.dk\/wp-content\/uploads\/2025\/09\/11-1-300x300.jpg 300w, https:\/\/gulv.v23.dk\/wp-content\/uploads\/2025\/09\/11-1-150x150.jpg 150w, https:\/\/gulv.v23.dk\/wp-content\/uploads\/2025\/09\/11-1-768x768.jpg 768w\" sizes=\"auto, (max-width: 960px) 100vw, 960px\" \/><\/figure>\n<\/figure>\n\n\n\n<figure class=\"wp-block-gallery has-nested-images columns-default is-cropped wp-block-gallery-6 is-layout-flex wp-block-gallery-is-layout-flex\">\n<figure class=\"wp-block-image size-large\"><img loading=\"lazy\" decoding=\"async\" width=\"960\" height=\"960\" data-id=\"114\" src=\"https:\/\/gulv.v23.dk\/wp-content\/uploads\/2025\/09\/1850-1890-Plankegulv-indskudsler-langsgaende-1.jpg\" alt=\"\" class=\"wp-image-114\" srcset=\"https:\/\/gulv.v23.dk\/wp-content\/uploads\/2025\/09\/1850-1890-Plankegulv-indskudsler-langsgaende-1.jpg 960w, https:\/\/gulv.v23.dk\/wp-content\/uploads\/2025\/09\/1850-1890-Plankegulv-indskudsler-langsgaende-1-300x300.jpg 300w, https:\/\/gulv.v23.dk\/wp-content\/uploads\/2025\/09\/1850-1890-Plankegulv-indskudsler-langsgaende-1-150x150.jpg 150w, https:\/\/gulv.v23.dk\/wp-content\/uploads\/2025\/09\/1850-1890-Plankegulv-indskudsler-langsgaende-1-768x768.jpg 768w\" sizes=\"auto, (max-width: 960px) 100vw, 960px\" \/><\/figure>\n<\/figure>\n<\/div>\n<\/div>\n\n\n\n<div style=\"height:var(--wp--preset--spacing--40)\" aria-hidden=\"true\" class=\"wp-block-spacer\"><\/div>\n\n\n\n<div class=\"wp-block-columns alignwide is-layout-flex wp-container-core-columns-is-layout-d1c656ed wp-block-columns-is-layout-flex\">\n<div class=\"wp-block-column is-vertically-aligned-center is-layout-flow wp-block-column-is-layout-flow\" style=\"flex-basis:40%\">\n<div style=\"height:100px\" aria-hidden=\"true\" class=\"wp-block-spacer\"><\/div>\n\n\n\n<h3 class=\"wp-block-heading is-style-asterisk\">Snedkerh\u00e5ndv\u00e6rk<\/h3>\n\n\n\n<p>I vores arbejde med tr\u00e6 s\u00e6tter vi os altid ind i den oprindelige udformning &#8211; dels fordi det h\u00f8jner kvaliteten, b\u00e5de funktionelt og visuelt, og dels for at v\u00e6rne om bygningskulturen.<\/p>\n\n\n\n<ul style=\"line-height:1.75\" class=\"wp-block-list is-style-checkmark-list\">\n<li>Reparation af beskadiget tr\u00e6v\u00e6rk: vinduer, d\u00f8re o.l.<\/li>\n\n\n\n<li>Udend\u00f8rs: badebroer, bolv\u00e6rk, terasser, b\u00e6nke, pavilloner<\/li>\n\n\n\n<li>Indend\u00f8rs: Indbygningsreoler, radiatorskjulere, k\u00f8kkener<\/li>\n<\/ul>\n<\/div>\n<\/div>\n<\/div>\n<\/div>\n<\/main>\n\n\n\n<p><\/p>\n\n\n\n<p><\/p>\n","protected":false},"excerpt":{"rendered":"<p>Velkommen Sk\u00e6ve Gulve er S\u00f8borgs egen gulvl\u00e6gger- og snedkervirksomhed. Vi udf\u00f8rer de fleste gulv- og tr\u00e6v\u00e6rksopgaver udenfor normal arbejdstid. Derfor er vi altid glade for at kunne hj\u00e6lpe dig som har kunder, g\u00e6ster eller ansatte i dagtimerne. Ring p\u00e5 25376260 og lad os tale om hvordan vi kan l\u00f8se din opgave. Slidlag af kompetencer Med [&hellip;]<\/p>\n","protected":false},"author":1,"featured_media":0,"parent":0,"menu_order":0,"comment_status":"closed","ping_status":"closed","template":"page-no-title","meta":{"footnotes":""},"class_list":["post-66","page","type-page","status-publish","hentry"],"_links":{"self":[{"href":"https:\/\/gulv.v23.dk\/index.php?rest_route=\/wp\/v2\/pages\/66","targetHints":{"allow":["GET"]}}],"collection":[{"href":"https:\/\/gulv.v23.dk\/index.php?rest_route=\/wp\/v2\/pages"}],"about":[{"href":"https:\/\/gulv.v23.dk\/index.php?rest_route=\/wp\/v2\/types\/page"}],"author":[{"embeddable":true,"href":"https:\/\/gulv.v23.dk\/index.php?rest_route=\/wp\/v2\/users\/1"}],"replies":[{"embeddable":true,"href":"https:\/\/gulv.v23.dk\/index.php?rest_route=%2Fwp%2Fv2%2Fcomments&post=66"}],"version-history":[{"count":11,"href":"https:\/\/gulv.v23.dk\/index.php?rest_route=\/wp\/v2\/pages\/66\/revisions"}],"predecessor-version":[{"id":126,"href":"https:\/\/gulv.v23.dk\/index.php?rest_route=\/wp\/v2\/pages\/66\/revisions\/126"}],"wp:attachment":[{"href":"https:\/\/gulv.v23.dk\/index.php?rest_route=%2Fwp%2Fv2%2Fmedia&parent=66"}],"curies":[{"name":"wp","href":"https:\/\/api.w.org\/{rel}","templated":true}]}}